t = -38 - -49. What is the greatest common factor of 1 and t?
1
Let m be (1 - 26)*(-13)/13. What is the highest common factor of m and 125?
25
Let j(c) = c**2 - 5*c + 1. Let o be j(-5). Let n = -6 + o. Calculate the highest common divisor of n and 9.
9
Suppose 5*s = -105 + 280. What is the highest common divisor of s and 7?
7
Suppose 0 = 2*w - c - 3, 0 = -3*w - 4*c - 1. Calculate the highest common factor of w and 7.
1
Suppose 4*i - 264 = 5*c - 8*c, i = 3*c - 249. Calculate the highest common divisor of 140 and c.
28
Let n = -25 - -35. What is the highest common factor of n and 90?
10
Suppose -r + 56 = 29. Calculate the greatest common divisor of r and 189.
27
Suppose 2*h + 2*n - 29 = -11, 0 = -4*h + 2*n + 66. Suppose -b + 15 = x, -4*b - 4*x = -8*x - 52. What is the highest common divisor of b and h?
14
Let j(u) = 3*u**2 + 2*u + 7. Let x be j(-5). Calculate the highest common divisor of x and 18.
18
Let i = 80 + -44. Let v = -205 - -259. What is the highest common factor of v and i?
18
Suppose -17*z = -3*z - 238. Calculate the highest common factor of 17 and z.
17
Suppose -13*w = 3*w - 192. Calculate the greatest common divisor of w and 4.
4
Suppose 4*b + 4 = g - 1, -5*g + 4*b = -9. Suppose -3*p + 4*p - 1 = 0. Let h be (-9)/(-3*p) - 2. Calculate the highest common divisor of g and h.
1
Let b = 21 - -15. Let z = -10 + b. Suppose g + g - z = 0. What is the greatest common divisor of g and 39?
13
Let l be 16/9 + 2/9. Suppose -l*s - 3*s + 35 = 0. Calculate the greatest common divisor of 7 and s.
7
Suppose -5*h + 304 = 29. Let g be (-1784)/(-104) + 4/(-26) - -5. What is the greatest common factor of g and h?
11
Let n = 152 - 102. What is the highest common factor of n and 125?
25
Suppose 8*u - 6*u = 80. What is the greatest common divisor of u and 5?
5
Let m be 253/22 - (-3)/(-2). What is the greatest common factor of m and 90?
10
Let x be (4/8*26)/((-1)/(-4)). What is the greatest common factor of 13 and x?
13
Let s(u) = 14*u**2 - 4*u + 9. Let d be s(4). Calculate the highest common factor of 31 and d.
31
Let g(s) = -68*s + 4. Let k be g(-2). Calculate the greatest common divisor of k and 20.
20
Let w = 187 + -124. What is the greatest common divisor of w and 36?
9
Suppose v = 2*v + 132. Let i be (-3)/(2 - (-273)/v). Calculate the greatest common factor of i and 11.
11
Suppose -2*c = -5*c + 12. Calculate the highest common divisor of 20 and c.
4
Let v(q) be the first derivative of -q**4/4 - q**3 - q**2/2 + 3*q - 6. Let i be v(-3). Let r = -6 + 21. What is the highest common divisor of i and r?
3
Let s = -2 + 6. Calculate the highest common divisor of s and 12.
4
Suppose 0*j = 2*y + 5*j - 22, -2*y + 4 = -4*j. Calculate the greatest common factor of y and 48.
6
Let s be (9 - 4 - -1) + 2. What is the greatest common divisor of 1 and s?
1
Let m be 34*(-3 + 28/8). Calculate the highest common divisor of m and 153.
17
Let i = -10 + 22. Let h be 24/9*3/1. Calculate the greatest common factor of i and h.
4
Suppose d = -0*d - 30. Let i = -19 - d. Calculate the highest common divisor of i and 77.
11
Suppose n - 2*t - 154 = -n, -304 = -4*n + 2*t. Calculate the greatest common divisor of 30 and n.
15
Let z(c) = 7*c - 31. Let w be z(13). What is the greatest common factor of w and 12?
12
Let j(z) = -z + 2. Let u be j(6). Let c be (-281)/u + (-1)/4. Let k = -32 + 60. What is the highest common factor of c and k?
14
Let c(m) = -m**2 - m + 8. Let a be c(0). Let f = 17 - 71. Let b = -14 - f. What is the greatest common divisor of b and a?
8
Let z = 23 - 11. What is the greatest common factor of 8 and z?
4
Suppose t = 5*j - 24, -t = -2*j + 5*j - 8. Let y(n) = 2*n**2 + 7*n + 8. Let d be y(t). What is the highest common factor of d and 12?
12
Let r = -7 - -7. Suppose r*d = -2*d + 6. Calculate the greatest common factor of d and 3.
3
Let o be (0/(-1))/(0 + -1). Let g(r) = r**3 + r**2 + 288. Let n be g(o). Suppose d + n = 4*d. What is the greatest common factor of 12 and d?
12
Suppose 0 = -0*n + 2*n - 8. Suppose 5*m - 80 = o, m + 3*m - o = 64. Suppose v + n - m = 0. Calculate the greatest common factor of 6 and v.
6
Let z(i) = -i**3 - 7*i**2 - 6*i + 3. Let k be z(-6). Let c(s) = s**2 - 5*s + 7. Let d be c(7). What is the highest common divisor of k and d?
3
Let j = 7 - 6. Let y(b) = 20*b**2 - b + 1. Let h be y(j). Calculate the greatest common divisor of h and 4.
4
Let c = 22 - 13. Suppose -o - 3*u = 5, -o + 2 - c = 5*u. Let m be (o + 19 - -1)/1. Calculate the highest common divisor of 12 and m.
6
Let q(x) = -73*x - 1. Let h be q(-2). What is the highest common factor of h and 29?
29
Suppose -z = -4 - 1. Let i be -2 + 8/44 + (-75)/(-11). Calculate the highest common divisor of z and i.
5
Let w(l) = l**3 + 12*l**2 - 2*l - 8. Let q be w(-12). Calculate the highest common factor of 40 and q.
8
Let j = 361 - 152. Let c be 4/(-2) - (0 - 21). What is the greatest common factor of c and j?
19
Let z be (5 - 1) + 1071/21. Calculate the greatest common factor of z and 11.
11
Let v(a) = -a**3 - 9*a**2 - 8*a + 12. Let j be v(-9). What is the greatest common divisor of j and 28?
28
Suppose -2*x - 2*d - 2 = 0, 0 = -3*x - x + 3*d + 3. Let i be (x - 15)*12/(-18). Let r be 10*(-1)/(-1)*7. Calculate the greatest common divisor of r and i.
10
Let g(n) = -n**3 - n**2 + 4*n + 1. Let x be g(-3). Let y = 5 - 3. Suppose 3*d - 35 = -y*d. Calculate the greatest common factor of x and d.
7
Suppose 8*y + 3 = 35. What is the highest common factor of 16 and y?
4
Let y be 2 + 15*5 + -2. Let w(q) = -q**2 - 11*q + 6. Let o be w(-8). Calculate the greatest common factor of o and y.
15
Let c = -149 + 159. Calculate the greatest common divisor of c and 20.
10
Let f(z) = -z - 6. Let t be f(-7). Let a be 7 + (t/1 - 2). Let w = a - 2. What is the greatest common divisor of 8 and w?
4
Let y = -10 - -13. Suppose -y*o - 191 = -4*o. Let r = o + -114. Calculate the greatest common factor of r and 7.
7
Let w = 20 + 3. What is the highest common factor of 92 and w?
23
Suppose u - 32 = -2*r, -6*u = -11*u + 4*r + 216. Calculate the greatest common divisor of 40 and u.
40
Suppose -3*g = -0*g. Suppose x = -g*x + 45. Calculate the highest common factor of 30 and x.
15
Let z = 0 - -9. Let r = 11 - z. Let t be r/(-8) - (-34)/8. What is the greatest common divisor of t and 6?
2
Suppose -35 = -4*h + 21. Let m be (0 + 1)/((-3)/(-6)). Suppose -328 = -3*n + 4*c, 0 = 5*n - m*c - 217 - 339. What is the highest common factor of n and h?
14
Suppose -s + 12 = 4*j - 0, -4*j = 8. Let c = s - 6. Calculate the highest common factor of 98 and c.
14
Let n = 23 + -13. Suppose -3*g = -5*b + 34, -5*g - 10 = 2*b - b. Suppose 2*o + 76 - 7 = b*x, 2*o = -x + 21. What is the greatest common factor of n and x?
5
Let a(q) = q**2 - 3. Let x be a(-3). Suppose 0*t - 3*y = 2*t - 12, -t = 4*y - x. Calculate the highest common factor of 30 and t.
6
Let f = 9 - 6. Suppose 0 = a, 0*a - 84 = -4*g - f*a. What is the greatest common factor of g and 84?
21
Let s be (-15)/6*(-4)/5. Calculate the greatest common factor of s and 6.
2
Let u = 3 + -1. Suppose 5*l - 3*a = 59, -2*l + 2*a = u*l - 46. Suppose -3*z + r + 62 = 0, -2*z - r - 42 = -4*z. What is the greatest common divisor of l and z?
10
Let z be 2/6 + 87/9. Suppose 23 = r + 5*m + 1, 0 = -m + 5. Let f(v) = -3*v**3 - 3*v**2 - 4. Let c be f(r). Calculate the greatest common factor of z and c.
10
Let q(t) = 2*t + 1. Let u be q(1). Suppose 2*f + u*f = 105. What is the greatest common factor of f and 14?
7
Let a = 5 + -2. Let z = -12 + 27. Calculate the greatest common divisor of z and a.
3
Suppose -25 = -5*i, -v = -0*v + 2*i. Let x be (-4)/10 + (-204)/v. Suppose x = -f + 5*f. What is the highest common divisor of f and 20?
5
Suppose 3*z - 264 = 150. Let w = z + -68. Let x be (4/(-3))/(4/(-42)). Calculate the highest common divisor of w and x.
14
Let w be 16*4 + 0/3. Let g = 3 + 17. Let u = -12 + g. What is the highest common divisor of w and u?
8
Let h(p) = p**2 + 12*p + 28. Let g be h(-12). What is the highest common factor of 14 and g?
14
Let k = -68 + 96. Calculate the greatest common factor of k and 4.
4
Let c = -18 - -54. Suppose 5*j - j = c. Calculate the greatest common factor of j and 99.
9
Let u = -5 + 30. Suppose 2*g + 1 = 33. Let c = g + -6. Calculate the highest common divisor of c and u.
5
S